809 is divided by 103?
101
What is the remainder when 1062 is divided by 271?
249
Calculate the remainder when 359 is divided by 62.
49
What is the remainder when 2281 is divided by 9?
4
What is the remainder when 837 is divided by 12?
9
Calculate the remainder when 97 is divided by 36.
25
What is the remainder when 4120 is divided by 133?
130
What is the remainder when 502 is divided by 84?
82
Calculate the remainder when 3932 is divided by 31.
26
What is the remainder when 3599 is divided by 18?
17
Calculate the remainder when 654 is divided by 75.
54
Calculate the remainder when 3088 is divided by 206.
204
What is the remainder when 1767 is divided by 580?
27
What is the remainder when 206 is divided by 110?
96
Calculate the remainder when 5703 is divided by 124.
123
Calculate the remainder when 244 is divided by 62.
58
Calculate the remainder when 349 is divided by 5.
4
What is the remainder when 510 is divided by 86?
80
Calculate the remainder when 284 is divided by 100.
84
Calculate the remainder when 492 is divided by 102.
84
Calculate the remainder when 47 is divided by 33.
14
Calculate the remainder when 1233 is divided by 135.
18
What is the remainder when 381 is divided by 29?
4
What is the remainder when 518 is divided by 120?
38
Calculate the remainder when 360 is divided by 33.
30
What is the remainder when 96 is divided by 92?
4
Calculate the remainder when 454 is divided by 91.
90
What is the remainder when 1281 is divided by 640?
1
Calculate the remainder when 3831 is divided by 18.
15
Calculate the remainder when 266 is divided by 10.
6
What is the remainder when 5550 is divided by 9?
6
Calculate the remainder when 812 is divided by 48.
44
Calculate the remainder when 928 is divided by 133.
130
Calculate the remainder when 329 is divided by 315.
14
What is the remainder when 893 is divided by 291?
20
Calculate the remainder when 439 is divided by 49.
47
What is the remainder when 272 is divided by 112?
48
What is the remainder when 5039 is divided by 105?
104
What is the remainder when 350 is divided by 40?
30
Calculate the remainder when 21949 is divided by 7312.
13
What is the remainder when 256 is divided by 37?
34
What is the remainder when 140 is divided by 39?
23
What is the remainder when 297 is divided by 84?
45
Calculate the remainder when 17828 is divided by 63.
62
Calculate the remainder when 65547 is divided by 57.
54
Calculate the remainder when 906 is divided by 20.
6
What is the remainder when 31 is divided by 20?
11
What is the remainder when 118 is divided by 3?
1
What is the remainder when 43 is divided by 21?
1
What is the remainder when 45 is divided by 42?
3
What is the remainder when 3680 is divided by 55?
50
Calculate the remainder when 128 is divided by 74.
54
Calculate the remainder when 74 is divided by 15.
14
What is the remainder when 581 is divided by 2?
1
What is the remainder when 60 is divided by 16?
12
What is the remainder when 426 is divided by 16?
10
Calculate the remainder when 271 is divided by 97.
77
Calculate the remainder when 2272 is divided by 35.
32
Calculate the remainder when 27 is divided by 15.
12
What is the remainder when 39 is divided by 29?
10
Calculate the remainder when 1273 is divided by 14.
13
What is the remainder when 12 is divided by 3?
0
Calculate the remainder when 93 is divided by 45.
3
What is the remainder when 889 is divided by 99?
97
Calculate the remainder when 511 is divided by 47.
41
What is the remainder when 315 is divided by 23?
16
What is the remainder when 70 is divided by 28?
14
What is the remainder when 17511 is divided by 126?
123
What is the remainder when 5161 is divided by 2579?
3
Calculate the remainder when 754 is divided by 126.
124
Calculate the remainder when 134 is divided by 46.
42
Calculate the remainder when 216 is divided by 6.
0
Calculate the remainder when 117 is divided by 60.
57
What is the remainder when 1102 is divided by 134?
30
Calculate the remainder when 1296 is divided by 118.
116
What is the remainder when 1317 is divided by 110?
107
What is the remainder when 736 is divided by 143?
21
Calculate the remainder when 22061 is divided by 14.
11
Calculate the remainder when 4942 is divided by 330.
322
What is the remainder when 799 is divided by 12?
7
What is the remainder when 255 is divided by 59?
19
Calculate the remainder when 1312 is divided by 13.
12
What is the remainder when 1483 is divided by 15?
13
Calculate the remainder when 323 is divided by 77.
15
What is the remainder when 257 is divided by 24?
17
What is the remainder when 5447 is divided by 69?
65
Calculate the remainder when 108 is divided by 58.
50
Calculate the remainder when 232 is divided by 13.
11
Calculate the remainder when 1941 is divided by 624.
69
Calculate the remainder when 1766 is divided by 148.
138
Calculate the remainder when 3684 is divided by 26.
18
Calculate the remainder when 2968 is divided by 19.
4
What is the remainder when 2093 is divided by 27?
14
Calculate the remainder when 127 is divided by 51.
25
Calculate the remainder when 86 is divided by 73.
13
What is the remainder when 2273 is divided by 8?
1
Calculate the remainder when 422 is divided by 16.
6
Calculate the remainder when 285 is divided by 97.
91
Calculate the remainder when 606 is divided by 203.
200
What is the remainder when 309 is divided by 45?
39
Calculate the remainder when 373 is divided by 30.
13
What is the remainder when 269 is divided by 216?
53
Calculate the remainder when 731 is divided by 32.
27
Calculate the remainder when 244 is divided by 89.
66
What is the remainder when 614 is divided by 124?
118
What is the remainder when 1348 is divided by 79?
5
What is the remainder when 4094 is divided by 1348?
50
What is the remainder when 571 is divided by 96?
91
What is the remainder when 3625 is divided by 98?
97
Calculate the remainder when 40 is divided by 22.
18
Calculate the remainder when 834 is divided by 19.
17
What is the remainder when 232 is divided by 116?
0
Calculate the remainder when 132 is divided by 69.
63
What is the remainder when 2071 is divided by 161?
139
Calculate the remainder when 97 is divided by 63.
34
Calculate the remainder when 1297 is divided by 59.
58
Calculate the remainder when 275 is divided by 46.
45
What is the remainder when 169 is divided by 4?
1
What is the remainder when 570 is divided by 73?
59
What is the remainder when 81 is divided by 8?
1
Calculate the remainder when 4253 is divided by 34.
3
What is the remainder when 3722 is divided by 3712?
10
What is the remainder when 21 is divided by 4?
1
Calculate the remainder when 127 is divided by 124.
3
What is the remainder when 679 is divided by 42?
7
What is the remainder when 1536 is divided by 44?
40
What is the remainder when 511 is divided by 32?
31
What is the remainder when 6956 is divided by 199?
190
Calculate the remainder when 3926 is divided by 17.
16
What is the remainder when 1168 is divided by 239?
212
Calculate the remainder when 149 is divided by 19.
16
What is the remainder when 1071 is divided by 43?
39
What is the remainder when 1588 is divided by 9?
4
Calculate the remainder when 552 is divided by 80.
72
Calculate the remainder when 107 is divided by 33.
8
What is the remainder when 946 is divided by 9?
1
Calculate the remainder when 102 is divided by 27.
21
What is the remainder when 84 is divided by 70?
14
What is the remainder when 192 is divided by 53?
33
What is the remainder when 1837 is divided by 21?
10
Calculate the remainder when 4670 is divided by 932.
10
What is the remainder when 35262 is divided by 179?
178
What is the remainder when 2126 is divided by 14?
12
What is the remainder when 247 is divided by 71?
34
What is the remainder when 99 is divided by 12?
3
Calculate the remainder when 8651 is divided by 129.
8
What is the remainder when 316 is divided by 143?
30
Calculate the remainder when 37 is divided by 8.
5
What is the remainder when 925 is divided by 29?
26
Calculate the remainder when 38 is divided by 35.
3
Calculate the remainder when 1763 is divided by 63.
62
What is the remainder when 903 is divided by 117?
84
What is the remainder when 665 is divided by 163?
13
What is the remainder when 117 is divided by 36?
9
What is the r